y 79478.
6
What is the remainder when 14450 is divided by 955?
125
Calculate the remainder when 19171 is divided by 286.
9
Calculate the remainder when 187803 is divided by 353.
7
Calculate the remainder when 8194 is divided by 34.
0
What is the remainder when 16905 is divided by 90?
75
What is the remainder when 14249 is divided by 3544?
73
What is the remainder when 27533 is divided by 13760?
13
Calculate the remainder when 7117 is divided by 7002.
115
What is the remainder when 16253 is divided by 14?
13
Calculate the remainder when 840253 is divided by 16.
13
What is the remainder when 12032 is divided by 3998?
38
Calculate the remainder when 7107 is divided by 2781.
1545
What is the remainder when 16368 is divided by 42?
30
Calculate the remainder when 2000 is divided by 1844.
156
Calculate the remainder when 26217 is divided by 514.
3
What is the remainder when 39687 is divided by 43?
41
Calculate the remainder when 684646 is divided by 8.
6
Calculate the remainder when 1069 is divided by 91.
68
Calculate the remainder when 13310 is divided by 460.
430
Calculate the remainder when 89140 is divided by 46.
38
What is the remainder when 29415 is divided by 60?
15
What is the remainder when 674 is divided by 324?
26
Calculate the remainder when 432318 is divided by 14.
12
What is the remainder when 229765 is divided by 57426?
61
Calculate the remainder when 218121 is divided by 19.
1
Calculate the remainder when 97782 is divided by 127.
119
Calculate the remainder when 11378 is divided by 265.
248
Calculate the remainder when 13939 is divided by 1989.
16
What is the remainder when 651 is divided by 84?
63
Calculate the remainder when 81468 is divided by 304.
300
What is the remainder when 2406 is divided by 15?
6
What is the remainder when 11761 is divided by 2934?
25
What is the remainder when 972 is divided by 438?
96
Calculate the remainder when 68234 is divided by 34.
30
What is the remainder when 2244 is divided by 21?
18
Calculate the remainder when 1025 is divided by 28.
17
What is the remainder when 38396 is divided by 2738?
64
Calculate the remainder when 2049 is divided by 1837.
212
What is the remainder when 227966 is divided by 2714?
2704
What is the remainder when 12678 is divided by 2113?
0
Calculate the remainder when 130173 is divided by 43387.
12
What is the remainder when 43905 is divided by 14560?
225
Calculate the remainder when 765 is divided by 258.
249
What is the remainder when 324127 is divided by 29466?
1
What is the remainder when 10433 is divided by 10408?
25
Calculate the remainder when 779 is divided by 145.
54
What is the remainder when 388883 is divided by 745?
738
What is the remainder when 59910 is divided by 9?
6
Calculate the remainder when 2070960 is divided by 139.
138
What is the remainder when 4980 is divided by 52?
40
What is the remainder when 4180171 is divided by 1218?
1213
What is the remainder when 15210 is divided by 6?
0
Calculate the remainder when 6775 is divided by 2256.
7
What is the remainder when 41002 is divided by 402?
400
Calculate the remainder when 1223 is divided by 50.
23
What is the remainder when 46963 is divided by 325?
163
What is the remainder when 7750 is divided by 703?
17
Calculate the remainder when 287999 is divided by 500.
499
Calculate the remainder when 11315 is divided by 147.
143
What is the remainder when 2364 is divided by 16?
12
What is the remainder when 309 is divided by 148?
13
What is the remainder when 18243 is divided by 444?
39
Calculate the remainder when 310143 is divided by 34460.
3
Calculate the remainder when 14971 is divided by 1760.
891
Calculate the remainder when 19304 is divided by 14.
12
Calculate the remainder when 3056 is divided by 217.
18
Calculate the remainder when 6398 is divided by 304.
14
Calculate the remainder when 4172 is divided by 58.
54
What is the remainder when 2194 is divided by 103?
31
Calculate the remainder when 12987 is divided by 6491.
5
Calculate the remainder when 3216793 is divided by 1534.
1529
What is the remainder when 149951 is divided by 37480?
31
Calculate the remainder when 61966 is divided by 13.
8
What is the remainder when 7972 is divided by 3961?
50
Calculate the remainder when 66324 is divided by 282.
54
Calculate the remainder when 1066 is divided by 332.
70
Calculate the remainder when 37087 is divided by 44.
39
What is the remainder when 82881 is divided by 9208?
9
What is the remainder when 1028105 is divided by 482?
481
Calculate the remainder when 34916 is divided by 774.
86
Calculate the remainder when 1406 is divided by 82.
12
What is the remainder when 1243564 is divided by 723?
4
Calculate the remainder when 4925 is divided by 1584.
173
What is the remainder when 19360 is divided by 529?
316
Calculate the remainder when 21187 is divided by 602.
117
What is the remainder when 306992 is divided by 31?
30
What is the remainder when 15098 is divided by 3016?
18
What is the remainder when 201735 is divided by 375?
360
Calculate the remainder when 8638 is divided by 360.
358
What is the remainder when 34279 is divided by 476?
7
What is the remainder when 286365 is divided by 70?
65
Calculate the remainder when 4077 is divided by 34.
31
Calculate the remainder when 3722 is divided by 1686.
350
Calculate the remainder when 10358 is divided by 5173.
12
Calculate the remainder when 22584 is divided by 67.
5
Calculate the remainder when 70646 is divided by 70590.
56
Calculate the remainder when 154076 is divided by 40.
36
Calculate the remainder when 200556 is divided by 545.
541
Calculate the remainder when 584 is divided by 20.
4
What is the remainder when 15274 is divided by 437?
416
What is the remainder when 12210 is divided by 130?
120
What is the remainder when 36247 is divided by 228?
223
What is the remainder when 125212 is divided by 773?
759
What is the remainder when 203362 is divided by 269?
267
What is the remainder when 3257 is divided by 60?
17
What is the remainder when 227355 is divided by 224?
219
What is the remainder when 11138 is divided by 734?
128
What is the remainder when 30140 is divided by 50?
40
Calculate the remainder when 433001 is divided by 157.
152
Calculate the remainder when 1118 is divided by 555.
8
What is the remainder when 169807 is divided by 4994?
11
What is the remainder when 118050 is divided by 7?
2
Calculate the remainder when 11268 is divided by 48.
36
Calculate the remainder when 143117 is divided by 344.
13
Calculate the remainder when 575677 is divided by 8.
5
What is the remainder when 3474 is divided by 446?
352
What is the remainder when 20743 is divided by 560?
23
Calculate the remainder when 66235 is divided by 22075.
10
Calculate the remainder when 4848 is divided by 144.
96
Calculate the remainder when 1329242 is divided by 203.
201
Calculate the remainder when 24830 is divided by 2481.
20
What is the remainder when 5026 is divided by 297?
274
Calculate the remainder when 6431 is divided by 6414.
17
What is the remainder when 4859 is divided by 1353?
800
Calculate the remainder when 7150 is divided by 246.
16
What is the remainder when 5505 is divided by 1034?
335
Calculate the remainder when 468 is divided by 146.
30
What is the remainder when 26685 is divided by 4404?
261
Calculate the remainder when 7603 is divided by 45.
43
What is the remainder when 14855 is divided by 1165?
875
What is the remainder when 32169 is divided by 699?
15
Calculate the remainder when 5151 is divided by 71.
39
Calculate the remainder when 4899 is divided by 1629.
12
Calculate the remainder when 7171 is divided by 328.
283
What is the remainder when 27601 is divided by 863?
848
What is the remainder when 89507 is divided by 347?
328
Calculate the remainder when 18639 is divided by 1855.
89
What is the remainder when 145553 is divided by 32?
17
Calculate the remainder when 231681 is divided by 86.
83
What is the remainder when 1837 is divided by 5?
2
Calculate the remainder when 23446 is divided by 23413.
33
What is the remainder when 8078 is divided by 1991?
114
Calculate the remainder when 134697 is divided by 48.
9
What is the remainder when 9552 is divided by 40?
32
What is the remainder when 1045914 is divided by 2551?
4
Calculate the remainder when 370205 is divid